 Let n be z(5). Let l(v) = v**3 + 16*v**2 + 14*v - 17. What is l(n)?
-2
Let t(b) = -b**3 + 5*b**2 + 3*b + 6. Let m be -5*1/((-9 + 6)/3). Determine t(m).
21
Let r(l) = l**3 + 6*l**2 - 9*l - 5. Suppose -36*d = -11*d + 1750. Let b = d + 63. Determine r(b).
9
Suppose 2*w + 5*m = -19, -4*w = -0*w + 2*m + 14. Let p be 2/(-10) - w/10. Let c(x) = 2*x - x + 6829739707 - 6829739700 + x**2. Give c(p).
7
Let i(o) = -o**2 + 5*o - 8. Let g(n) = -23*n - 1397. Let k be g(-61). Determine i(k).
-14
Let p(l) be the third derivative of l**4/24 + 17*l**3/6 - 18*l**2. Let t be p(-4). Let v(x) = -x**3 + 13*x**2 - x + 11. What is v(t)?
-2
Let z(a) = -31*a + 1. Let d(b) = b**3 - b. Let t(l) = -7*l**3 + 6*l**2 + 9*l - 17. Let u(k) = -6*d(k) - t(k). Let w be u(6). What is z(w)?
32
Let p(v) be the third derivative of 0*v**4 + 2/3*v**3 + 0*v + 0 + 1/120*v**6 + 1/15*v**5 - 226*v**2. Determine p(-3).
13
Let y(j) = j**2 - 6. Let z be y(5). Let b(o) = 9 - 18 - o + z. Suppose -98 = -6*m - 62. Give b(m).
4
Let g(c) = 3*c**2 - 4*c**2 - 285766*c + 285771*c. Let j be 2/1 + 2 + 0. Determine g(j).
4
Let r(q) = -q**3 - 4*q**2 + 8*q + 9. Let y(x) = 29*x**2 - 289*x - 14. Let f be y(10). Give r(f).
-23
Let o(q) be the first derivative of -8*q - 144 + 3/2*q**2 + 2/3*q**3. Give o(-4).
12
Suppose 0 = 2*x + 4*a - 138, 4*x - 264 = -5*a + a. Let f(r) = -13*r**3 - 14*r**3 - 18*r**3 - 14 - 19*r**3 - 11*r**2 + x*r**3 - 12*r. Calculate f(-10).
6
Suppose -2*n - 3*q = -11, n + 11*q = -65 + 42. Let v(a) be the first derivative of -a**3/3 + 4*a**2 + 10*a - 2. Give v(n).
-10
Suppose 35*c + 5*v = 38*c + 394, -4*c = 5*v + 537. Let q = c + 136. Let u(n) = -10*n - 5. Let o(z) = -5*z - 3. Let g(p) = -5*o(p) + 3*u(p). Give g(q).
-15
Let z(j) = -4*j**3 + j + 1. Let t be (23*(-2 + 1))/(6/6). Let x = 118 - 96. Let w = t + x. Calculate z(w).
4
Let w(i) = -i**2 - 7 - 469*i + 459*i + 3. Let n be w(-10). Let g(c) = -4*c**3 + 3*c**3 - 34*c**2 + 3*c + 6 + 30*c**2. Calculate g(n).
-6
Let o(t) be the second derivative of -t**4/12 - t**3/6 - t**2/2 + 2*t - 56. What is o(-1)?
-1
Suppose -75 = -2*v - 4*i - 15, -3*v = 4*i - 76. Let c(z) = z**3 - 15*z**2 - 16*z - 34. Give c(v).
-34
Let x(p) = -p**2 + 5*p - 1. Suppose 3*j - 3*g = -2*g - 415, j = 4*g - 120. Let z = -134 - j. What is x(z)?
-7
Let a(z) = 8*z - 1. Let g be 0/(13/3 - 4/3). Suppose g = -3*l + 9, -d + 17 = 2*l + 3*l. Give a(d).
15
Let f(n) be the second derivative of n**5/20 + 7*n**4/12 + 4*n**3/3 + 3*n**2/2 - 4875*n. Determine f(-6).
-9
Suppose -2*w + 4*b = -14, 2*w - 12 = -b + 3*b. Let d be (-68)/(-16) + w/(-20). Let k(s) = -5*s + 8 + 7 - 19 + d*s**2 + s**3. Give k(-5).
-4
Let u = 168 - 166. Let f(w) = -w**3 - w**2 + 3*w. Let n be f(u). Let l(h) = 2*h**2 + 8*h - 3. What is l(n)?
21
Let n(r) = -9*r**2 + 5383 - 10750 + 5383 + r**3 + r**2. Give n(8).
16
Let u = -6430 - -6427. Suppose 15 = 3*r + 2*r - 5*w, w - 1 = -r. Let h(p) = 0*p**2 + 3*p**r - 4 + p - 6*p**2 - p**3. What is h(u)?
-7
Let v(d) be the first derivative of -d**5/30 + 5*d**4/24 - d**3/3 + 10*d**2 - 3*d + 52. Let r(s) be the second derivative of v(s). Give r(3).
-5
Suppose 5*g = 2*g + 33. Suppose -g*p = -14*p + 24. Let z be 2/2 + (-64)/p + 3. Let n(c) = c**2 + 9*c + 6. Determine n(z).
-14
Let l(w) = 4*w**2 - w - 2. Let y = 223 + -197. Suppose 76*c = y*c + 100. Give l(c).
12
Suppose 0 = 43*a - 46*a - 6*d - 9, -a = -d - 6. Let b(y) be the second derivative of 0 + 21*y + y**2 - 1/2*y**a. What is b(2)?
-4
Let b be 22*((-15)/(-6) - 2). Suppose -b = -3*w + 7. Suppose -w*q + 11*q = 35. Let j(y) = -y**3 + 8*y**2 - 9*y - 7. What is j(q)?
-21
Let q(d) = 2*d**3 + 161*d**2 + 537*d - 132. Let a be q(-77). Let i(r) be the first derivative of -1/4*r**4 + 9/2*r**2 - 2*r**3 + 7*r - a. What is i(-7)?
-7
Let s(a) = -a + 1459. Let f(x) = -x + 2705. Let c(d) = -6*f(d) + 11*s(d). Calculate c(-34).
-11
Let p(w) = -2*w**2 + 19*w + 15. Let g(i) = -3*i**2 + 29*i + 23. Let r(y) = -5*g(y) + 8*p(y). Suppose 4*k + 13 = -47. Let f be 11/2 - k/30. Calculate r(f).
11
Suppose -7*l = 2707 - 621. Let x = 291 + l. Let f(k) = k**3 + 6*k**2 - 8*k + 3. What is f(x)?
10
Let q(c) = -8*c**3 + 10*c**2 + 9*c + 13. Let h(k) = 13*k**3 - 16*k**2 - 14*k - 22. Let t(r) = 5*h(r) + 8*q(r). Calculate t(0).
-6
Let t(r) = r**2 + 12*r + 12. Let o(c) = -2*c**2 - 20*c - 15. Let a(u) = 4*o(u) + 7*t(u). Calculate a(7).
3
Let n be (-174)/9*(-2 + -2 + 7). Let f = 75 + n. Let s = -15 + f. Let k(v) = -3*v**3 + 2*v**2 - 2*v + 1. Give k(s).
-19
Let j(c) = 7*c**2 + 46*c + 26. Let d be j(-6). Let z(w) = -26*w + 52. Determine z(d).
0
Suppose p - 25 = -4*p. Suppose 0 = 5*b - p*g - 35, 0*b + g - 47 = -5*b. Suppose -a = -7*n + 4*n + b, -a - n = 5. Let l(o) = -o**2 - 7*o - 3. Give l(a).
3
Let n(u) = -2*u + 2. Let p be (8 + (-3 - -1))/(10 + -8). Let m be 1/(-2)*(p - -9). What is n(m)?
14
Let c(f) = f**2 - 7*f + 8. Let q(d) be the first derivative of -d**4/4 + 3*d**3 + 6*d**2 - 13*d + 48. Let r be q(10). Calculate c(r).
8
Let v(s) = 26*s + 9. Let h(i) = -3*i - 1. Suppose 2 = 7*b - 40. Let y(l) = b*v(l) + 51*h(l). Calculate y(3).
12
Suppose 0 = 3*x + r + 13, 2*x - 2 - 1 = -3*r. Let i(o) = 4*o**2 + 22*o - 11. Determine i(x).
1
Let k = -168 + 174. Suppose 0 = -k*b + 8*b. Let j(h) be the second derivative of -h**4/12 - h**3/6 - 4*h**2 + 9*h. Determine j(b).
-8
Let o(m) = -m**3 - 26*m**2 + m + 17. Let f(b) = -b**2 + 343*b + 9568. Let a be f(-26). Calculate o(a).
-9
Let b(j) be the third derivative of -j**6/120 + j**4/12 - j**3/6 - 122211*j**2. Let g(q) = -3*q + 1. Let f be g(1). Let m be 1/1*(f + 3). What is b(m)?
0
Let i be (-9*50/60 - -10)*(-4)/10. Let k(v) = -11*v**3 - 3*v - 2. Calculate k(i).
12
Let p(d) = 14*d - 5*d - 7 + 3*d + 3*d - 16*d. Let m = 33 - 33. Give p(m).
-7
Let r(i) = -6*i**2 + i**3 - 2 + 10*i - 2*i - 4. Suppose 26*f + 70*f = 416 + 160. What is r(f)?
42
Let w(h) = -3*h**3 + 3*h**2 - 11*h + 6. Let z = -141 + 134. Let a(b) = -4*b**3 + 5*b**2 - 17*b + 9. Let t(r) = z*w(r) + 5*a(r). What is t(-6)?
-21
Let x(j) = 3*j**3 + 3*j**2 - 3. Let f(v) = -110*v + 1102. Let p be f(10). Give x(p).
33
Let z(v) be the third derivative of v**4/4 + 7*v**3/6 - 7*v**2 + 59. Give z(4).
31
Let p = -36 + 40. Suppose -3*o + 245 = 5*g, -g = 5*o - 181 - 220. Let l(d) = -157*d - 5 + o*d + 78*d. Give l(p).
-1
Let b(j) be the second derivative of -2 - 1/20*j**5 + 2/3*j**4 + 5*j**2 - 13*j - 5/3*j**3. Give b(7).
-11
Suppose -140*n + 119*n = -105. Let p(v) = 8 - 7*v + 3*v + n*v + 3*v. Calculate p(-6).
-16
Let w(t) = t**2 - t + 10 + 6*t + 0*t**2. Let j be w(-3). Let g(a) = -a**2 - 1. Calculate g(j).
-17
Let c(g) = g**2 + 55*g - 244. Let t be ((-1500)/4500)/(4/(-6)*1/(-118)). Determine c(t).
-8
Let f(q) be the third derivative of q**7/2520 - q**6/90 + q**5/30 - q**4/24 + 27*q**3/2 - 2*q**2 + 9. Let r(j) be the second derivative of f(j). What is r(6)?
-8
Suppose 0*m - 10 = -2*m. Suppose -15 = 3*s + 2*v - m, -3*v = s + 1. Let p(i) be the third derivative of -i**5/60 - i**4/4 - i**3/6 - 39*i**2. Give p(s).
7
Suppose v + p = 5*p - 4, 3*p = -5*v + 3. Suppose -f - 22 = -5*f - 3*j, v = -f + 2*j. Suppose -5*c = 16 + f. Let x(n) = -n**3 - 5*n**2 - 4*n - 1. Calculate x(c).
-1
Let k(n) = -6*n - 19. Suppose -40*q - 89*q = -645. Determine k(q).
-49
Let a(h) = -36*h - 102. Let g(z) = 52*z + 154. Let l(d) = -16*a(d) - 11*g(d). Give l(23).
30
Let z(h) = 5*h - 30. Suppose 143*t - 1442 = -63*t. Calculate z(t).
5
Let i(k) be the second derivative of -k**5/20 - 13*k**4/12 + k**3/3 - 6*k**2 - 51*k + 1. What is i(-13)?
-38
Let q = -15 + 17. Let c(i) = -2*i + 3*i**2 + 2 - 4*i**q - 2*i**2 + 4*i**2. Let h be 186/36 - (-5)/(-30). Determine c(h).
17
Let f(i) be the first derivative of i**4/4 + 16*i**3 + 159*i**2 - 6*i + 7338. Determine f(-8).
10
Let d(a) = 20 + 10*a**2 + 7*a - 8 - 9*a**2. Suppose 0 = -2*i + 3*r - 1, 0*i + 4*r = -i - 17. Give d(i).
2
Let z(o) = -o - 6. Let v(c) be the third derivative of -c**3/6 - 3*c**2 + 41. Let x(s) = -2*v(s) + z(s). Let a = -9 + 5. What is x(a)?
0
Suppose -16*u - 9435 = -9499. Let n(v) = v**3 + 5*v**2 - 10*v + 9. Determine n(u).
113
Let k(t) = 1962*t**2 + 10*t - 4074*t**2 + 2110*t**2. Give k(6).
-12
Let l(c) = 2*c - 3. Let j be (3 - 0) + 1 - 1. Suppose -5 = -4*r + 3*n - 2, 0 = -r + 3*n + j. Suppose 3*t - 6 = -r*t. Calculate l(t).
1
Suppose 90*m + 1132 = 1367 - 685. Let a(i) be the thir